 + 7. Let t = 19 + -13. Calculate the remainder when h is divided by t.
5
Let r(z) be the first derivative of -15*z**2/2 - 56*z + 51. Let i(y) = 2*y - 1. What is the remainder when r(-8) is divided by i(7)?
12
Suppose 0 = -2*b + 15*b - 364. Suppose 0 = 39*x - 42*x + 30. What is the remainder when b is divided by x?
8
Let d = 87 - 98. Let t(i) = -i - 9. Let a be t(d). Suppose -3 = -2*s + 4*s - 3*l, 2*s - a*l = 0. Calculate the remainder when 8 is divided by s.
2
Suppose -18012 = 13*f - 23*f - 28*f. Calculate the remainder when f is divided by 108.
42
Let i(a) = -170*a**3 + 4*a**2 - 2*a - 1. Let l be i(1). Let f = -160 - l. Calculate the remainder when 21 is divided by f.
3
Let k = 1266 + -1263. Suppose z + 42 = 2*i - 25, -3*z = 5*i - 151. Calculate the remainder when k*i/3 + 3*1 is divided by 19.
16
Let x = -5933 - -6046. Calculate the remainder when 565 is divided by x.
0
Suppose 3*i = 579 + 42. Let f = -12723 - -12742. Calculate the remainder when i is divided by f.
17
Let r = -10337 - -10855. What is the remainder when r is divided by 131?
125
Suppose 4*k = -4*d + 4, -2*k = -5*d + 19 + 14. Let m = 611 + -173. Let w = m + -434. Calculate the remainder when d is divided by w.
1
Suppose 2*m - 2*i - 135 = i, 0 = 2*m - i - 129. Suppose -3*z + 2*f + 498 + 256 = 0, 442 = 2*z + 3*f. What is the remainder when z is divided by m?
53
Suppose -h - 6 + 17 = 0. Suppose 0 = -3*f - 15, -3*f - 64 + 163 = 3*i. What is the remainder when i is divided by 0/2 - ((-1)/(-1) - h)?
8
Let j(r) = -r**2 - 11*r + 528. Calculate the remainder when 512 is divided by j(-29).
2
Suppose -399*f + 13520 = -10819. Suppose -5*n + 1210 = 5*s, n - 2*s + 36 = 272. Calculate the remainder when n is divided by f.
57
Let w = 153 + 27. Suppose -40 - w = -4*k. Calculate the remainder when 168 is divided by k.
3
Let y = -1631 - -1637. Calculate the remainder when 165 is divided by y.
3
Suppose -98 = 3*p - 4*p. Calculate the remainder when p is divided by 7.
0
Let d(b) be the second derivative of b**4/12 + b**3/6 + 5*b**2 + b. Let a(h) = -h - 3. Let u be a(-3). Calculate the remainder when 19 is divided by d(u).
9
Suppose -14*s + 16*s = 442. Suppose -277 = -8*j - s. What is the remainder when 26 is divided by j?
5
Let a(z) = -4*z + 64. Let j be 9 + (6 + 0 - 4). Calculate the remainder when 106 is divided by a(j).
6
Let c = -55 - -105. Suppose 29*u = 21*u + 72. Let s(y) = -21*y**2 + 190*y + 4. What is the remainder when c is divided by s(u)?
11
Let z = 859 - 795. Let s(w) = -2*w**2 - 12*w + 6. What is the remainder when z is divided by s(-5)?
0
Suppose -3*f + 61 = -4*v, -5*f - v = -44 - 27. Suppose 88 + 482 = f*h. Calculate the remainder when 186 is divided by h.
34
Let d(b) = b**3 - 31*b**2 + 112*b + 168. What is the remainder when d(27) is divided by 257?
19
Suppose 5*g = 3*v - 1883, 3*v - 2532 = -v - 4*g. Calculate the remainder when v is divided by 204.
19
Let j = -4 - -7. Suppose 0 = j*m - 5*m + 22. What is the remainder when (-126)/231 + 1020/55 is divided by m?
7
Let c = 431 - 500. Let m = 152 - c. Calculate the remainder when m is divided by 37.
36
Suppose 0 = 4*f - o + 107, 56*f - 51*f - 2*o = -136. Let w = -12 + 2. Let t = w - f. What is the remainder when 44 is divided by t?
12
Let g(u) be the first derivative of 11*u**2/2 - 40*u - 21. What is the remainder when 18 is divided by g(4)?
2
Let n = -17 - -22. Suppose -n*r + 91 = 8*r. What is the remainder when 2*1/(-1) - -19 is divided by r?
3
Suppose -2*h + 2732 = 3*y, y + 4*h - 920 = h. Suppose -k - 3*x = -454, y = 2*k - 3*x + 5*x. What is the remainder when k is divided by 51?
46
What is the remainder when ((12/72)/((-1)/(-166)))/(7/21) is divided by 28?
27
Let n(k) = -k**3 - 75*k**2 - 354*k + 275. What is the remainder when n(-70) is divided by 93?
90
What is the remainder when -4 + (-5 - 562*-3) + -4 is divided by 54?
53
Let n(s) = 4*s**2 + 5*s + 1. Suppose 39*r - 89*r = -36*r - 826. Calculate the remainder when n(-6) is divided by r.
56
Let l(v) be the third derivative of -13*v**2 + 0*v + 1/6*v**3 - 1/24*v**4 + 0. What is the remainder when 13 is divided by l(-7)?
5
Let n(t) = t**2 - 1. Let u(l) = l**3 - 4*l**2 - 10*l + 1. Let z(x) = -n(x) - u(x). Calculate the remainder when z(-4) is divided by 20.
12
Let a(w) = 2*w - 4. Let l(r) = -r**3 + 5*r**2 - 4*r. Let k be l(3). Let b = 33 - k. Calculate the remainder when b is divided by a(7).
7
Suppose 0 = 3*v - v - 78. Let h(k) = 40*k**2 + 19*k - 14. Calculate the remainder when h(1) is divided by v.
6
Suppose 3 = -w + 61. Calculate the remainder when w is divided by -2 + -1 - (1 + -14).
8
Let k(p) = -12*p**2 + 106*p - 33. Calculate the remainder when k(8) is divided by 10.
7
Suppose 195*z - 22*z - 403742 = -89*z. What is the remainder when z is divided by 258?
251
Let h(i) = 233*i + 2370. What is the remainder when h(-8) is divided by 13?
12
Let s(m) = 4*m - 42. Let n be s(11). Suppose 4*f - n*f = -3*d + 735, -5*f = -d + 245. Calculate the remainder when d is divided by 63.
56
Suppose 0 = -g + 2*t + 52, 7*g - 3*t - 47 = 6*g. What is the remainder when (-481)/(-4) - 27/(-36) is divided by g?
59
Let k = 21 - 15. Suppose 0 = -3*q + q - k. What is the remainder when 39 is divided by -10*(2 + q/1)?
9
Let y(h) = h**2 - 26*h + 84. Let d be y(22). Let r(a) be the third derivative of -9*a**4/8 + a**3/6 + 5*a**2. What is the remainder when r(d) is divided by 16?
13
Suppose 0 = -40*k + 84683 + 7397. What is the remainder when k is divided by 6?
4
What is the remainder when (-8328)/(-4) + 7/(-35)*-35 is divided by 3?
1
Calculate the remainder when 5271 is divided by (-2470)/(-2717)*33/(-6)*-5.
21
Suppose c = -n - 4, -n + 16 = -c - 5*n. Suppose -25*s + 1098 + 1252 = c. What is the remainder when s is divided by 25?
19
Let t(k) = -4*k**2 - 107*k + 195. Calculate the remainder when t(-26) is divided by 167.
106
Calculate the remainder when 111/(16/(512/24)) is divided by (-1444)/(-114)*(18/(-4))/(-3).
15
Let a = 17 - 10. Suppose -9*z + 1083 = -33. Let w = -119 + z. Calculate the remainder when a is divided by w.
2
Suppose -93 = -5*q - 5*a + 147, -81 = -2*q + 3*a. Calculate the remainder when q is divided by 4.
1
Suppose -7*b - 49 = -14*b. Suppose -10*i + b*i = -324. Let s = i - 90. Calculate the remainder when 52 is divided by s.
16
Suppose -8*r + 11*r + 2*f = 129, 5*f + 15 = 0. Suppose 0 = -w + 1 + 6. Calculate the remainder when r is divided by w.
3
Suppose -r + 11*u - 9*u = -16, 4*r + 2*u - 34 = 0. What is the remainder when 2227 is divided by r?
7
Let t(q) = -8*q**2 - 15 + 12*q - 5*q**2 + 12*q**2. Let j be t(11). What is the remainder when (-1)/j*50 + (-3)/2 is divided by 7?
4
Let m = 9893 - 9714. What is the remainder when 532 is divided by m?
174
Let f be 17/(153/2256) - (-1)/3. Suppose 7*l + 20 = f. Calculate the remainder when 96 is divided by l.
30
What is the remainder when 1241 is divided by (309/1)/((-33)/(-17 - 16))?
5
Let p(y) = 96*y - 786. What is the remainder when p(11) is divided by 267?
3
Suppose -4*o - o = -90. Let g = -11169 - -11184. Calculate the remainder when o is divided by g.
3
Let m(i) = i**2 + 8*i + 16. Suppose 5*n - 19 = -r, -r + 5*n - 39 = -8. Calculate the remainder when m(r) is divided by 1.
0
Let f be (36/(-27))/((-3)/(-27)*2). What is the remainder when 72/(-16)*136/f is divided by 27?
21
Let w(u) be the second derivative of 21*u**5/10 - u**3/3 + u**2/2 - 6*u. Let k be w(1). Suppose k = 4*v - 83. Calculate the remainder when v is divided by 8.
7
Suppose 0 = 81*g + 269 - 1160. Calculate the remainder when -1 + (87 - (2 + -1)) is divided by g.
8
Let p(c) = -154*c + 1696. What is the remainder when 102 is divided by p(11)?
0
Let b(f) = -11*f + 46. Let w be b(-10). What is the remainder when 90 is divided by (-117)/w - (-382)/8?
43
Let j(w) = 11*w + 78. Let h be j(-6). Suppose 5*k = h*k - 84. What is the remainder when 35 is divided by k?
11
Suppose 4*a + 24 - 28 = 0, 0 = 3*m + 2*a - 326. Calculate the remainder when 863 is divided by m.
107
Suppose -2*s + 40 + 34 = 5*l, 4*s - 184 = -4*l. What is the remainder when 359 is divided by s?
47
Suppose -2*g + 60 = 5*u, -2*u + u - g = -9. Suppose 2*j - 34 = u. Suppose 90 = 2*p - 2. What is the remainder when p is divided by j?
22
Let t(o) = -o**3 - 77*o**2 + 824*o + 182. What is the remainder when t(-89) is divided by 